{"id":38,"date":"2015-09-14T18:29:06","date_gmt":"2015-09-14T18:29:06","guid":{"rendered":"http:\/\/www.nordschwabenlauf.de\/?page_id=38"},"modified":"2026-04-30T16:04:13","modified_gmt":"2026-04-30T16:04:13","slug":"neues-konzept","status":"publish","type":"page","link":"http:\/\/www.nordschwabenlauf.de\/","title":{"rendered":"Der Nordschwabenlauf"},"content":{"rendered":"\n<p class=\"has-text-align-center has-green-color has-text-color has-medium-font-size\"><strong>2. Mai 2026<\/strong><\/p>\n\n\n\n<p class=\"has-text-align-center has-green-color has-text-color has-link-color has-medium-font-size wp-elements-06995181670e9932896737705b31e9ed\">Jetzt wieder im Stadion!<\/p>\n\n\n\n<p class=\"has-text-align-center has-text-color has-link-color wp-elements-f53b33986cac65550861723b6b9cc72e\" style=\"color:#f30f0f\">Ab Donnerstag, 30.4., 23 Uhr ist nur noch die Nachmeldung am Samstag m\u00f6glich!<\/p>\n\n\n\n<p>Mit Bambini-Lauf, Sch\u00fcler 900 m und 1800 m, Teamlauf, Hauptlauf<\/p>\n\n\n<div class=\"wp-block-image\">\n<figure class=\"aligncenter size-full\"><a href=\"http:\/\/www.nordschwabenlauf.de\/wp-content\/uploads\/bild_02_40-e1442253138910.jpg\" data-rel=\"lightbox-image-0\" data-rl_title=\"\" data-rl_caption=\"\" title=\"\"><img loading=\"lazy\" decoding=\"async\" width=\"363\" height=\"183\" src=\"http:\/\/www.nordschwabenlauf.de\/wp-content\/uploads\/bild_02_40-e1442253138910.jpg\" alt=\"\" class=\"wp-image-10\" srcset=\"http:\/\/www.nordschwabenlauf.de\/wp-content\/uploads\/bild_02_40-e1442253138910.jpg 363w, http:\/\/www.nordschwabenlauf.de\/wp-content\/uploads\/bild_02_40-e1442253138910-300x151.jpg 300w\" sizes=\"auto, (max-width: 363px) 100vw, 363px\" \/><\/a><figcaption class=\"wp-element-caption\">Start beim letzten Lauf im Stadion <\/figcaption><\/figure>\n<\/div>\n\n\n<h3 class=\"wp-block-heading has-text-align-center has-small-font-size\"><span style=\"color: #339966;\">ist der \u00e4lteste noch existierende Stra\u00dfenlauf Deutschlands<\/span><\/h3>\n\n\n\n<h4 class=\"wp-block-heading has-text-align-center\"><span style=\"color: #339966;\">unter dem Dach des<\/span><img loading=\"lazy\" decoding=\"async\" width=\"300\" height=\"93\" class=\"size-medium wp-image-479 aligncenter\" src=\"http:\/\/www.nordschwabenlauf.de\/wp-content\/uploads\/FCG_Logos-e1484231712715-300x93.jpg\" alt=\"\" srcset=\"http:\/\/www.nordschwabenlauf.de\/wp-content\/uploads\/FCG_Logos-e1484231712715-300x93.jpg 300w, http:\/\/www.nordschwabenlauf.de\/wp-content\/uploads\/FCG_Logos-e1484231712715.jpg 562w\" sizes=\"auto, (max-width: 300px) 100vw, 300px\" \/><span style=\"color: #339966;\">&nbsp;<a href=\"http:\/\/www.gundelfingen-donau.de\/webseite\/index.shtml\" target=\"_blank\" rel=\"noopener noreferrer\"><img loading=\"lazy\" decoding=\"async\" width=\"338\" height=\"159\" class=\"alignnone wp-image-481\" src=\"http:\/\/www.nordschwabenlauf.de\/wp-content\/uploads\/Stadt_Gufi_Logos-e1484232206455.jpg\" alt=\"\" srcset=\"http:\/\/www.nordschwabenlauf.de\/wp-content\/uploads\/Stadt_Gufi_Logos-e1484232206455.jpg 552w, http:\/\/www.nordschwabenlauf.de\/wp-content\/uploads\/Stadt_Gufi_Logos-e1484232206455-300x141.jpg 300w\" sizes=\"auto, (max-width: 338px) 100vw, 338px\" \/><\/a><\/span><\/h4>\n","protected":false},"excerpt":{"rendered":"<p>2. Mai 2026 Jetzt wieder im Stadion! Ab Donnerstag, 30.4., 23 Uhr ist nur noch die Nachmeldung am Samstag m\u00f6glich! Mit Bambini-Lauf, Sch\u00fcler 900 m und 1800 m, Teamlauf, Hauptlauf ist der \u00e4lteste noch existierende Stra\u00dfenlauf Deutschlands unter dem Dach des&nbsp;<\/p>\n","protected":false},"author":1,"featured_media":0,"parent":0,"menu_order":0,"comment_status":"closed","ping_status":"closed","template":"","meta":{"footnotes":""},"class_list":["post-38","page","type-page","status-publish","hentry"],"_links":{"self":[{"href":"http:\/\/www.nordschwabenlauf.de\/index.php\/wp-json\/wp\/v2\/pages\/38","targetHints":{"allow":["GET"]}}],"collection":[{"href":"http:\/\/www.nordschwabenlauf.de\/index.php\/wp-json\/wp\/v2\/pages"}],"about":[{"href":"http:\/\/www.nordschwabenlauf.de\/index.php\/wp-json\/wp\/v2\/types\/page"}],"author":[{"embeddable":true,"href":"http:\/\/www.nordschwabenlauf.de\/index.php\/wp-json\/wp\/v2\/users\/1"}],"replies":[{"embeddable":true,"href":"http:\/\/www.nordschwabenlauf.de\/index.php\/wp-json\/wp\/v2\/comments?post=38"}],"version-history":[{"count":153,"href":"http:\/\/www.nordschwabenlauf.de\/index.php\/wp-json\/wp\/v2\/pages\/38\/revisions"}],"predecessor-version":[{"id":1374,"href":"http:\/\/www.nordschwabenlauf.de\/index.php\/wp-json\/wp\/v2\/pages\/38\/revisions\/1374"}],"wp:attachment":[{"href":"http:\/\/www.nordschwabenlauf.de\/index.php\/wp-json\/wp\/v2\/media?parent=38"}],"curies":[{"name":"wp","href":"https:\/\/api.w.org\/{rel}","templated":true}]}}

<p class="has-text-align-center has-green-color has-text-color has-medium-font-size"><strong>2. Mai 2026</strong></p>



<p class="has-text-align-center has-green-color has-text-color has-link-color has-medium-font-size wp-elements-06995181670e9932896737705b31e9ed">Jetzt wieder im Stadion!</p>



<p class="has-text-align-center has-text-color has-link-color wp-elements-f53b33986cac65550861723b6b9cc72e" style="color:#f30f0f">Ab Donnerstag, 30.4., 23 Uhr ist nur noch die Nachmeldung am Samstag möglich!</p>



<p>Mit Bambini-Lauf, Schüler 900 m und 1800 m, Teamlauf, Hauptlauf</p>


<div class="wp-block-image">
<figure class="aligncenter size-full"><a href="http://www.nordschwabenlauf.de/wp-content/uploads/bild_02_40-e1442253138910.jpg" data-rel="lightbox-image-0" data-rl_title="" data-rl_caption="" title=""><img loading="lazy" decoding="async" width="363" height="183" src="http://www.nordschwabenlauf.de/wp-content/uploads/bild_02_40-e1442253138910.jpg" alt="" class="wp-image-10" srcset="http://www.nordschwabenlauf.de/wp-content/uploads/bild_02_40-e1442253138910.jpg 363w, http://www.nordschwabenlauf.de/wp-content/uploads/bild_02_40-e1442253138910-300x151.jpg 300w" sizes="auto, (max-width: 363px) 100vw, 363px" /></a><figcaption class="wp-element-caption">Start beim letzten Lauf im Stadion </figcaption></figure>
</div>


<h3 class="wp-block-heading has-text-align-center has-small-font-size"><span style="color: #339966;">ist der älteste noch existierende Straßenlauf Deutschlands</span></h3>



<h4 class="wp-block-heading has-text-align-center"><span style="color: #339966;">unter dem Dach des</span><img loading="lazy" decoding="async" width="300" height="93" class="size-medium wp-image-479 aligncenter" src="http://www.nordschwabenlauf.de/wp-content/uploads/FCG_Logos-e1484231712715-300x93.jpg" alt="" srcset="http://www.nordschwabenlauf.de/wp-content/uploads/FCG_Logos-e1484231712715-300x93.jpg 300w, http://www.nordschwabenlauf.de/wp-content/uploads/FCG_Logos-e1484231712715.jpg 562w" sizes="auto, (max-width: 300px) 100vw, 300px" /><span style="color: #339966;">&nbsp;<a href="http://www.gundelfingen-donau.de/webseite/index.shtml" target="_blank" rel="noopener noreferrer"><img loading="lazy" decoding="async" width="338" height="159" class="alignnone wp-image-481" src="http://www.nordschwabenlauf.de/wp-content/uploads/Stadt_Gufi_Logos-e1484232206455.jpg" alt="" srcset="http://www.nordschwabenlauf.de/wp-content/uploads/Stadt_Gufi_Logos-e1484232206455.jpg 552w, http://www.nordschwabenlauf.de/wp-content/uploads/Stadt_Gufi_Logos-e1484232206455-300x141.jpg 300w" sizes="auto, (max-width: 338px) 100vw, 338px" /></a></span></h4>

<p>2. Mai 2026 Jetzt wieder im Stadion! Ab Donnerstag, 30.4., 23 Uhr ist nur noch die Nachmeldung am Samstag möglich! Mit Bambini-Lauf, Schüler 900 m und 1800 m, Teamlauf, Hauptlauf ist der älteste noch existierende Straßenlauf Deutschlands unter dem Dach des&nbsp;</p>
