{"id":782,"date":"2018-06-09T13:29:40","date_gmt":"2018-06-09T13:29:40","guid":{"rendered":"http:\/\/www.nordschwabenlauf.de\/?page_id=782"},"modified":"2018-06-09T13:29:40","modified_gmt":"2018-06-09T13:29:40","slug":"privacy-policy","status":"publish","type":"page","link":"http:\/\/www.nordschwabenlauf.de\/index.php\/privacy-policy\/","title":{"rendered":"Privacy Policy"},"content":{"rendered":"<h2>Wer wir sind<\/h2>\n<p>http:\/\/www.nordschwabenlauf.de.<\/p>\n<h2>Welche pers\u00f6nlichen Daten wir speichern<\/h2>\n<h3>Comments<\/h3>\n<p>Wir haben alle Kommentar-Funktionen abgeschaltet. Es werden deshalb keine Daten gespeichert.<\/p>\n<h3>Media<\/h3>\n<p>Wir haben jeden Medien-upload abgeschaltet. Es werden keine Daten gesammelt.<\/p>\n<p>Die L\u00e4ufer*innen stimmen mit der Teilnahme der Veranstaltung zu, dass Bilder vom Lauf auf dieser Webseite ver\u00f6ffentlicht werden.<\/p>\n<h3>Kontaktformular<\/h3>\n<p>Ein Kontaktformular wurde abgeschaltet. Es werden keine Daten gespeichert.<\/p>\n<h3>Cookies<\/h3>\n<p>Es werden von dieser Webseite keine Cookies gespeichert oder ausgewertet.<\/p>\n<h3>Eingebundener Inhalt von anderen Webseiten<\/h3>\n<p>Artikel von dieser Seite k\u00f6nnen Inhalte von anderen Seiten enthalten. Diese verhalten sich so, als ob man die andere Seite besucht h\u00e4tte.<\/p>\n<p>Diese andere Webseite k\u00f6nnte Daten \u00fcber Sie sammeln, Cookies verwenden, eingebundene zus\u00e4tzliche Daten speichern oder Ip-Adressen speichern.<\/p>\n<h3>Analytics<\/h3>\n<p>Der Webhoster speichert m\u00f6glicherweise Daten \u00fcber Traffic, besuchte Seiten und Datentransfer-Raten. Keine personenbezogene Daten.<\/p>\n<h2>Mit wem wir Daten teilen<\/h2>\n<p>Wir speichern und ver\u00f6ffentlichen personenbezogene Daten nur im Sinne von Ergebnislisten &#8211; siehe Ergebnisse und der Starterliste &#8211; siehe Starterliste. Die Daten der Anmeldungen werden vom Dienstleister der Anmeldung zum Lauf verarbeitet und gespeichert. Es gelten die Bestimmungen des Dienstleisters.<\/p>\n<h2>Wie lange werden die Daten gespeichert<\/h2>\n<p>Die Anmeldelisten werden einen Monat nach der Veranstaltung gel\u00f6scht. Die Ergebnislisten bleiben 5 Jahre ver\u00f6ffentlicht.<\/p>\n<h2>Welche Rechte haben Sie<\/h2>\n<p>Sie k\u00f6nnen jederzeit die L\u00f6schung von Bildern, von Namen auf der Starterliste oder von den Ergebnislisten einfordern.<\/p>\n<h3>Sollte eine Kommentarfunktion aktiv sein,<\/h3>\n<p>die Kommentare k\u00f6nnen von einem Spam-, oder Virusprogramm gepr\u00fcft werden.<\/p>\n<h2>Kontakt<\/h2>\n<p>Robert Holzapfel<\/p>\n<p>E-Mail: holzapfel \u00e4t nordschwabenlauf.de<\/p>\n","protected":false},"excerpt":{"rendered":"<p>Wer wir sind http:\/\/www.nordschwabenlauf.de. Welche pers\u00f6nlichen Daten wir speichern Comments Wir haben alle Kommentar-Funktionen abgeschaltet. Es werden deshalb keine Daten gespeichert. Media Wir haben jeden Medien-upload abgeschaltet. Es werden keine Daten gesammelt. Die L\u00e4ufer*innen stimmen mit der Teilnahme der Veranstaltung zu, dass Bilder vom Lauf auf dieser Webseite ver\u00f6ffentlicht werden. Kontaktformular Ein Kontaktformular wurde abgeschaltet. &hellip; <a href=\"http:\/\/www.nordschwabenlauf.de\/index.php\/privacy-policy\/\" class=\"more-link\">Continue reading <span class=\"screen-reader-text\">Privacy Policy<\/span> <span class=\"meta-nav\">&rarr;<\/span><\/a><\/p>\n","protected":false},"author":1,"featured_media":0,"parent":0,"menu_order":0,"comment_status":"closed","ping_status":"closed","template":"","meta":{"footnotes":""},"class_list":["post-782","page","type-page","status-publish","hentry"],"_links":{"self":[{"href":"http:\/\/www.nordschwabenlauf.de\/index.php\/wp-json\/wp\/v2\/pages\/782","targetHints":{"allow":["GET"]}}],"collection":[{"href":"http:\/\/www.nordschwabenlauf.de\/index.php\/wp-json\/wp\/v2\/pages"}],"about":[{"href":"http:\/\/www.nordschwabenlauf.de\/index.php\/wp-json\/wp\/v2\/types\/page"}],"author":[{"embeddable":true,"href":"http:\/\/www.nordschwabenlauf.de\/index.php\/wp-json\/wp\/v2\/users\/1"}],"replies":[{"embeddable":true,"href":"http:\/\/www.nordschwabenlauf.de\/index.php\/wp-json\/wp\/v2\/comments?post=782"}],"version-history":[{"count":1,"href":"http:\/\/www.nordschwabenlauf.de\/index.php\/wp-json\/wp\/v2\/pages\/782\/revisions"}],"predecessor-version":[{"id":783,"href":"http:\/\/www.nordschwabenlauf.de\/index.php\/wp-json\/wp\/v2\/pages\/782\/revisions\/783"}],"wp:attachment":[{"href":"http:\/\/www.nordschwabenlauf.de\/index.php\/wp-json\/wp\/v2\/media?parent=782"}],"curies":[{"name":"wp","href":"https:\/\/api.w.org\/{rel}","templated":true}]}}